{"id":1241,"date":"2015-01-07T12:50:52","date_gmt":"2015-01-07T11:50:52","guid":{"rendered":"http:\/\/www.novotur.com\/?page_id=1241"},"modified":"2015-01-20T03:49:02","modified_gmt":"2015-01-20T02:49:02","slug":"roncesvalles-ochagavia","status":"publish","type":"page","link":"https:\/\/www.novotur.com\/?page_id=1241","title":{"rendered":"Roncesvalles &#8211; Ochagavia"},"content":{"rendered":"<p style=\"text-align: justify;\">Salida a la hora convenida para dirigirnos hacia este peque\u00f1o pero importante enclave en el norte de Navarra.<\/p>\n<p style=\"text-align: justify;\">Roncesvalles probablemente se trata del lugar navarra que m\u00e1s historia atesora, fundada sobre cuatro pilares fundamentales, El Camino de Santiago, La Batalla de Roncesvalles, La Virgen de Roncesvalles y Sancho VII El Fuerte.<\/p>\n<p style=\"text-align: justify;\">Roncesvalles, importante centro mariano en Navarra, Nuestra se\u00f1ora de Roncesvalles, despierta una gran devoci\u00f3n a ambos lados de los Pirineos, cada mes de mayo, acuden en peregrinaje a Roncesvalles los valles pirenaicos de ambos lados la frontera, su casa, la Iglesia de Roncesvalles, es una peque\u00f1a joya art\u00edstica, construida por maestros franceses, siguiendo el estilo de Notre Damme de Paris.<\/p>\n<p style=\"text-align: justify;\">Pero la raz\u00f3n por la que Roncesvalles es conocido es por ser el punto de inicio del Camino de Santiago Franc\u00e9s, cada a\u00f1o comienzan aqu\u00ed su peregrinaje miles de peregrinos venidos de todo el mundo, para comenzar su viaje hasta la tumba del Apostos Santiago.<\/p>\n<p style=\"text-align: justify;\">Durante nuestra visita a este enclave, recorreremos acompa\u00f1ados por un experto los principales monumentos de Roncesvalles y nos adentraremos en la historia desde el siglo VIII hasta nuestros d\u00edas.<\/p>\n<p style=\"text-align: justify;\">Comida en Restaurante Local<\/p>\n<p style=\"text-align: justify;\">Tras la comida, recorreremos el Valle de Aezkoa, en los l\u00edmites de la Selva del Irati, para acercarnos a visitar uno de los pueblos m\u00e1s pintorescos del Pirineo navarro, Ochagavia, descubriremos este peque\u00f1o pueblo atravesado por dos r\u00edos, recorreremos sus empedradas calles, y descubriremos como se ha conservado su esencia a trav\u00e9s de los siglos, conoceremos su costumbres y tradiciones y descubriremos como ha cambiado la vida de sus vecinos a lo largo de los siglos.<\/p>\n<p style=\"text-align: justify;\">Conoceremos su joya m\u00e1s preciada, el Santuario de Nuestra Se\u00f1ora de Muskilda, una peque\u00f1a ermita rom\u00e1ntica del siglo XII, que desde su privilegiada localizaci\u00f3n, vela por la vida de este peque\u00f1o Pueblo.<\/p>\n<p style=\"text-align: justify;\">Regreso a Pamplona<\/p>\n<p style=\"text-align: justify;\">Para mas informacion dirijase a francisco@novotur.com<\/p>\n","protected":false},"excerpt":{"rendered":"<p>Salida a la hora convenida para dirigirnos hacia este peque\u00f1o pero importante enclave en el norte de Navarra. Roncesvalles probablemente se trata del lugar navarra que m\u00e1s historia atesora, fundada sobre cuatro pilares fundamentales, El Camino de Santiago, La Batalla de Roncesvalles, La Virgen de Roncesvalles y Sancho VII El Fuerte. Roncesvalles, importante centro mariano [&hellip;]<\/p>\n","protected":false},"author":1,"featured_media":0,"parent":1230,"menu_order":0,"comment_status":"closed","ping_status":"closed","template":"","meta":{"footnotes":""},"class_list":["post-1241","page","type-page","status-publish","hentry"],"_links":{"self":[{"href":"https:\/\/www.novotur.com\/index.php?rest_route=\/wp\/v2\/pages\/1241"}],"collection":[{"href":"https:\/\/www.novotur.com\/index.php?rest_route=\/wp\/v2\/pages"}],"about":[{"href":"https:\/\/www.novotur.com\/index.php?rest_route=\/wp\/v2\/types\/page"}],"author":[{"embeddable":true,"href":"https:\/\/www.novotur.com\/index.php?rest_route=\/wp\/v2\/users\/1"}],"replies":[{"embeddable":true,"href":"https:\/\/www.novotur.com\/index.php?rest_route=%2Fwp%2Fv2%2Fcomments&post=1241"}],"version-history":[{"count":2,"href":"https:\/\/www.novotur.com\/index.php?rest_route=\/wp\/v2\/pages\/1241\/revisions"}],"predecessor-version":[{"id":1339,"href":"https:\/\/www.novotur.com\/index.php?rest_route=\/wp\/v2\/pages\/1241\/revisions\/1339"}],"up":[{"embeddable":true,"href":"https:\/\/www.novotur.com\/index.php?rest_route=\/wp\/v2\/pages\/1230"}],"wp:attachment":[{"href":"https:\/\/www.novotur.com\/index.php?rest_route=%2Fwp%2Fv2%2Fmedia&parent=1241"}],"curies":[{"name":"wp","href":"https:\/\/api.w.org\/{rel}","templated":true}]}}