{"id":1237,"date":"2015-01-07T12:49:48","date_gmt":"2015-01-07T11:49:48","guid":{"rendered":"http:\/\/www.novotur.com\/?page_id=1237"},"modified":"2015-01-20T03:39:55","modified_gmt":"2015-01-20T02:39:55","slug":"camino-de-santiago","status":"publish","type":"page","link":"https:\/\/www.novotur.com\/?page_id=1237","title":{"rendered":"Camino de Santiago"},"content":{"rendered":"<p style=\"text-align: justify;\">Salida a la hora indicada<\/p>\n<p style=\"text-align: justify;\">Siguiendo el camino de Santiago, por la autov\u00eda del camino, paralelos a los peregrinos que est\u00e1n realizando su etapa, nos dirigiremos hacia la ermita de Santa Mar\u00eda de Eunate.<\/p>\n<p style=\"text-align: justify;\">Esta peque\u00f1a ermita, situada en el mismo centro geogr\u00e1fico de Navarra, encontramos en medio de la nada esta singular iglesia, singular por su arquitectura y singular tambi\u00e9n por su historia.<\/p>\n<p style=\"text-align: justify;\">De construcci\u00f3n rom\u00e1nica, poco sabemos de sus or\u00edgenes, construida en el siglo XII, unos la relacionan con los templarios, otros con las energ\u00edas tel\u00faricas, aunque lo \u00fanico cierto es que se encuentra en el camino de Santiago Aragon\u00e9s, y que pose\u00eda una linterna de muertos, encargada de indicar el camino a los peregrinos perdidos en la noche.<\/p>\n<p style=\"text-align: justify;\">Su sobrio interior, nos inspira a la meditaci\u00f3n o al rezo, y su exterior nos atrae con su arquer\u00eda sin cubrir y las misteriosas leyendas de seres m\u00e1gicos que rodean a la construcci\u00f3n de su portada.<\/p>\n<p style=\"text-align: justify;\">Tras nuestra visita a Eunate, continuamos en el Camino, ya que llegaremos a la ciudad de Puente La Reina, nacida por y para el peregrino, es por excelencia lo que denominamos una ciudad camino, nace alrededor de una calle central, su actual calle Mayor, por la que a lo largo de los siglos han caminado miles de peregrinos llegados de todo el mundo.<\/p>\n<p style=\"text-align: justify;\">Puente la reina, es una de las principales etapas en el Camino de Santiago, ya que es aqu\u00ed donde se unen el Camino de Santiago Franc\u00e9s, el que comienza en Roncesvalles y el Camino de Santiago Aragon\u00e9s, que entra en Navarra por el Monasterio de San Salvador de Leyre.<\/p>\n<p style=\"text-align: justify;\">Recorreremos su calle Mayor, visitaremos las iglesias del Crucifijo, y por supuesto la Iglesia de Santiago, donde encontraremos la imagen del Santiago Beltza de Puente La Reina, y por supuesto, al igual que lo peregrinos han hecho a lo largo de los siglos, cruzaremos el rio Arga atravesando el puente que da nombre a la ciudad.<\/p>\n<p style=\"text-align: justify;\">Comida en Restaurante de la zona<\/p>\n<p style=\"text-align: justify;\">Por la tarde, nuestros pasos nos dirigir\u00e1n hasta la ciudad de Estella, tambi\u00e9n conocida como la Toledo del Norte.<\/p>\n<p style=\"text-align: justify;\">Estella, al igual que Puente La Reina, nace al abrigo del camino de Santiago, pero Estella es m\u00e1s que Camino, adem\u00e1s en el siglo XII, se convierte en Sede Real del Reyno de Navarra, de esta \u00e9poca es el Palacio De los Reyes de Navarra, \u00fanico ejemplo de arquitectura civil rom\u00e1nica conservado en Navarra.<\/p>\n<p style=\"text-align: justify;\">Descubriremos los altibajos sufridos por esta ciudad\u00a0 a trav\u00e9s de los lujosos palacios de las familias nobles de Estella, y conoceremos las iglesias de San Pedro de La Rua y San Miguel, ambas cabeza de burgo en los siglos XII y XIII.<\/p>\n<p style=\"text-align: justify;\">Regresaremos al lugar de origen, tras haber recorrido durante el d\u00eda de hoy las mismas calles y rutas que han estado recorriendo los peregrinos durante diez siglos.<\/p>\n","protected":false},"excerpt":{"rendered":"<p>Salida a la hora indicada Siguiendo el camino de Santiago, por la autov\u00eda del camino, paralelos a los peregrinos que est\u00e1n realizando su etapa, nos dirigiremos hacia la ermita de Santa Mar\u00eda de Eunate. Esta peque\u00f1a ermita, situada en el mismo centro geogr\u00e1fico de Navarra, encontramos en medio de la nada esta singular iglesia, singular [&hellip;]<\/p>\n","protected":false},"author":1,"featured_media":0,"parent":1230,"menu_order":0,"comment_status":"closed","ping_status":"closed","template":"","meta":{"footnotes":""},"class_list":["post-1237","page","type-page","status-publish","hentry"],"_links":{"self":[{"href":"https:\/\/www.novotur.com\/index.php?rest_route=\/wp\/v2\/pages\/1237"}],"collection":[{"href":"https:\/\/www.novotur.com\/index.php?rest_route=\/wp\/v2\/pages"}],"about":[{"href":"https:\/\/www.novotur.com\/index.php?rest_route=\/wp\/v2\/types\/page"}],"author":[{"embeddable":true,"href":"https:\/\/www.novotur.com\/index.php?rest_route=\/wp\/v2\/users\/1"}],"replies":[{"embeddable":true,"href":"https:\/\/www.novotur.com\/index.php?rest_route=%2Fwp%2Fv2%2Fcomments&post=1237"}],"version-history":[{"count":3,"href":"https:\/\/www.novotur.com\/index.php?rest_route=\/wp\/v2\/pages\/1237\/revisions"}],"predecessor-version":[{"id":1333,"href":"https:\/\/www.novotur.com\/index.php?rest_route=\/wp\/v2\/pages\/1237\/revisions\/1333"}],"up":[{"embeddable":true,"href":"https:\/\/www.novotur.com\/index.php?rest_route=\/wp\/v2\/pages\/1230"}],"wp:attachment":[{"href":"https:\/\/www.novotur.com\/index.php?rest_route=%2Fwp%2Fv2%2Fmedia&parent=1237"}],"curies":[{"name":"wp","href":"https:\/\/api.w.org\/{rel}","templated":true}]}}