{"id":1235,"date":"2015-01-07T12:46:56","date_gmt":"2015-01-07T11:46:56","guid":{"rendered":"http:\/\/www.novotur.com\/?page_id=1235"},"modified":"2015-01-20T03:08:48","modified_gmt":"2015-01-20T02:08:48","slug":"pais-vasco","status":"publish","type":"page","link":"https:\/\/www.novotur.com\/?page_id=1235","title":{"rendered":"Pais Vasco"},"content":{"rendered":"<p style=\"text-align: justify;\">Una tierra llena de Tradiciones, y de variados paisajes, desde paisaje interior plagado de peque\u00f1os caser\u00edos, las vi\u00f1as de la Rioja Alavesa, hasta la Costa Cant\u00e1brica, con sus peque\u00f1os pueblos de pescadores llenos de sabor y color, pasando por las primeras estribaciones pirenaicas, donde la monta\u00f1a se funde con el mar.<\/p>\n<p style=\"text-align: justify;\">Desde las costumbres m\u00e1s arraigadas hasta los museos m\u00e1s modernos, el Pa\u00eds Vasco se deja descubrir por sus visitantes a trav\u00e9s de sus sabores y de sus aromas, recorrer las calles del Casco Antiguo de San Sebasti\u00e1n degustando sus famosos pintxos, o pasear por los alrededores del Museo Guggenheim en Bilbao, o simplemente dejarse llevar por el aroma del vino en una bodega con cientos de a\u00f1os de antig\u00fcedad en la Rioja Alavesa.<\/p>\n","protected":false},"excerpt":{"rendered":"<p>Una tierra llena de Tradiciones, y de variados paisajes, desde paisaje interior plagado de peque\u00f1os caser\u00edos, las vi\u00f1as de la Rioja Alavesa, hasta la Costa Cant\u00e1brica, con sus peque\u00f1os pueblos de pescadores llenos de sabor y color, pasando por las primeras estribaciones pirenaicas, donde la monta\u00f1a se funde con el mar. Desde las costumbres m\u00e1s [&hellip;]<\/p>\n","protected":false},"author":1,"featured_media":1311,"parent":1227,"menu_order":0,"comment_status":"closed","ping_status":"closed","template":"","meta":{"footnotes":""},"class_list":["post-1235","page","type-page","status-publish","has-post-thumbnail","hentry"],"_links":{"self":[{"href":"https:\/\/www.novotur.com\/index.php?rest_route=\/wp\/v2\/pages\/1235"}],"collection":[{"href":"https:\/\/www.novotur.com\/index.php?rest_route=\/wp\/v2\/pages"}],"about":[{"href":"https:\/\/www.novotur.com\/index.php?rest_route=\/wp\/v2\/types\/page"}],"author":[{"embeddable":true,"href":"https:\/\/www.novotur.com\/index.php?rest_route=\/wp\/v2\/users\/1"}],"replies":[{"embeddable":true,"href":"https:\/\/www.novotur.com\/index.php?rest_route=%2Fwp%2Fv2%2Fcomments&post=1235"}],"version-history":[{"count":4,"href":"https:\/\/www.novotur.com\/index.php?rest_route=\/wp\/v2\/pages\/1235\/revisions"}],"predecessor-version":[{"id":1319,"href":"https:\/\/www.novotur.com\/index.php?rest_route=\/wp\/v2\/pages\/1235\/revisions\/1319"}],"up":[{"embeddable":true,"href":"https:\/\/www.novotur.com\/index.php?rest_route=\/wp\/v2\/pages\/1227"}],"wp:featuredmedia":[{"embeddable":true,"href":"https:\/\/www.novotur.com\/index.php?rest_route=\/wp\/v2\/media\/1311"}],"wp:attachment":[{"href":"https:\/\/www.novotur.com\/index.php?rest_route=%2Fwp%2Fv2%2Fmedia&parent=1235"}],"curies":[{"name":"wp","href":"https:\/\/api.w.org\/{rel}","templated":true}]}}